ppose -12300 + m = -9*o. Is o a composite number?
False
Suppose 0 = 2*g + 16, 11*p - 8*p = -4*g + 66949. Is p a composite number?
True
Let n(z) = -2*z + 7. Suppose 4*p - 2*v + 27 = 9, -3*p + v - 15 = 0. Let y be n(p). Suppose -y*t - 6964 = -23*t. Is t composite?
False
Let r(j) = -17*j + 9. Let n be r(15). Let a = 367 + n. Let v = 270 - a. Is v composite?
False
Let z be ((-1480)/(-4))/(1/6). Let h = -1526 + z. Let x = 1281 - h. Is x prime?
True
Suppose 3*n = 5*r + 173920 - 20118, 2*n = 2*r + 102540. Suppose -n = -7*a - 12977. Is a a composite number?
False
Let o(d) = -289*d + 7. Suppose -9*c + 48 = -c. Let x be 3*(-2)/c - 3. Is o(x) a prime number?
True
Suppose -2*l - 7 = -3. Let k be 3639 + (1/l + 1)*4. Suppose 5*g + k = 16*g. Is g composite?
False
Let v be ((-15)/40 - 21/8) + -7130. Let q = v + 22362. Is q a prime number?
False
Suppose -s + 74845 = 3*x - 29306, 3*s - 34717 = -x. Is x prime?
False
Is (-20 + 12 - (-17)/(-2))*(-88318)/3 composite?
True
Suppose 44*x = 3*i + 41*x - 129348, -2*i + 3*x = -86231. Is i a composite number?
False
Let d(w) = 568*w**3 - 41*w**2 + 170*w - 51. Is d(10) a composite number?
False
Let b(l) = -182*l + 190*l - 2 - 1. Let q be b(1). Suppose -2*v - 3*z + 107 = 0, v - 4*z = -q*z + 55. Is v prime?
False
Let s = -52 - -91. Suppose 9*u = -s + 390. Is ((-13)/u)/(1/(-117)) prime?
False
Let q = 83 + -77. Let o(u) = 2*u**2 - 6*u + 33. Let r be o(q). Suppose 4*c = -0*c - g + 361, c = 4*g + r. Is c a prime number?
True
Let y(v) = 902*v**2 - 7*v - 140. Let d be y(13). Suppose 16*w - d = -44511. Is w a prime number?
False
Suppose 5*u = 138 + 232. Is u a prime number?
False
Let u = 334111 - 220454. Is u a prime number?
True
Suppose -11*d + 7*d + 44 = 0. Let b = d + -11. Is (b - 1)*(-3494 + (-3 - -6)) prime?
True
Suppose 139*x = 45*x + 66*x + 1272796. Is x composite?
True
Suppose 1105*s = 1108*s - 119451. Is s a prime number?
False
Suppose -2*d + 3711 = -10441. Let t = d - 987. Is t a prime number?
True
Suppose -2*h = -19*h + 656863. Is h prime?
True
Is 33*9/33 - -543268 composite?
True
Suppose w = -3*q - 2990 + 52500, -5*w = 2*q - 247563. Is w composite?
True
Suppose 3*d - 7161 + 551 = -5*v, -1330 = -v + d. Let j = v + 564. Is j a composite number?
False
Let k = -353 - 129. Let q = -75 - k. Let j = q + -174. Is j a composite number?
False
Let c = 5 - -192. Let g = c - 83. Suppose -11*x + 17*x = g. Is x prime?
True
Let y = 1977843 - 954116. Is y composite?
True
Is (13 + (-189)/14)*-721082 prime?
True
Is (36 - 37) + 0 + 4510 + -2 a composite number?
False
Is (18 + 272/(-16))*(10032 - -1) a composite number?
True
Let x be 0/((-7)/(42/18)). Suppose x = -2*z + 550 + 2496. Is z a prime number?
True
Let y be 3 + (1 - 1)/(-2). Suppose y*p - 528 = p. Suppose -3*q + p = 3*w, -5*w = -5*q - 0*q + 410. Is q a composite number?
True
Let y(w) = 6243*w - 3818. Is y(43) a prime number?
True
Let c(h) = -h**3 - 39*h**2 - 50*h - 35. Let k be c(-30). Suppose 5*x + 26553 = 5*w + 78708, 52149 = -5*w + 3*x. Let p = k - w. Is p prime?
True
Suppose 3*m - 1427 = 5*q, q - 461 = -m - q. Suppose 4*r + 3*v = 1314, -v + m = 3*r - 514. Let l = -164 + r. Is l a composite number?
False
Let d(g) = g**2 - 23*g + 21. Let k be d(21). Is (-79578)/(-6)*(-7)/k a composite number?
False
Suppose 311*l + 11313391 = 332*l + 3061042. Is l composite?
False
Let g(i) = 74*i + 13. Let d(c) = -2. Let n(w) = 15*d(w) - 3*g(w). Is n(-15) composite?
True
Let r be (-5)/((-3)/(-3 + 6)). Let d(a) = -a**3 + 5*a**2 + a - 5. Let i be d(r). Suppose 4*j - 1599 - 2569 = i. Is j composite?
True
Let t = -8139 - -60148. Is t composite?
False
Let g = 1381699 + -194268. Is g prime?
False
Suppose 26*r = 29*r + 990. Let a be 2 + -3*2 + 2 + r. Is (a/(2 + -4))/((-20)/(-70)) composite?
True
Let f = -57982 - -98045. Is f composite?
False
Suppose -3*j = -k + 6, 0 = -5*k + j + 4*j + 30. Let x(b) = 447*b**2 - 5 - k*b - 27*b**2 - b. Is x(-2) a prime number?
False
Suppose 0 = -66*o + 70*o - 384. Suppose -h + 95 = -o. Is h a composite number?
False
Let m be (147/7 - -6)/((-3)/(-17132)). Suppose 69*p = 81*p - m. Is p a prime number?
False
Suppose 9 = 3*y + 5*z, -4*y + 3*y + 3*z = -17. Suppose -4*n - 19130 + 6976 = -5*c, -y = -2*n. Suppose -c = -j - j. Is j a prime number?
True
Let d(i) = -i**3 + 27*i**2 - 25*i - 3. Let b = -463 + 486. Is d(b) a prime number?
False
Let i(p) = 147*p**2 - 14*p + 66. Let d be i(15). Let y = d - 17860. Is y composite?
True
Let i(q) = 8*q**2 + 35*q + 252. Let l be i(-25). Let y = l - 1324. Is y prime?
False
Suppose -4 = o, 3*o - 11 = 2*m - 19. Let q be m - (-3 - (-2 - -3)). Suppose 0 = -12*j + q*j + 1910. Is j composite?
False
Suppose -31 = -2*j + 6*k - k, -2*j = 3*k + 9. Suppose z + j*i - 8612 = -3*z, i = 0. Is z composite?
False
Let i = -2472 - -9543. Suppose -3*r = t - i - 7275, 2*r - 9547 = 5*t. Is r a composite number?
True
Let p = 2804 - 1506. Suppose -p + 178 = -5*s + 5*m, 5*s - 1102 = -m. Let n = s - 118. Is n composite?
False
Suppose -1089011 + 85673 = -18*f. Is f composite?
True
Suppose 5 = -12*u + 11*u. Is 42/(-2)*((-7180)/(-12))/u composite?
True
Let g = 46192 - 24125. Is g composite?
False
Let w be 22659/7 - (7 + (2 - 5)). Let m = 5194 - w. Is m a prime number?
False
Suppose u = -3*l + 1028, 0 = -2*u + 14 - 16. Suppose 14*r - 15*r + 4*v = -l, 0 = -4*v + 12. Is r a prime number?
False
Let v(o) = 12141*o + 18. Let b be v(2). Let y = 37181 - b. Is y a composite number?
True
Let f(o) = o**2 + 11*o + 9. Let r = -40 - -33. Let w(p) = -3*p**2 - 22*p - 19. Let n(m) = r*f(m) - 4*w(m). Is n(12) a prime number?
False
Let y be (-2 - -2)/(-2 + (-10)/(-2)). Suppose -9*a + 14*a - 4*m - 3677 = y, 742 = a - 3*m. Is a composite?
False
Is (1/4)/(-21*25/(-1794405900)) prime?
True
Suppose -12*i - 8 = -8. Suppose -j + 19 + 650 = i. Is j a prime number?
False
Is (3772561 - -12)*3/21 a composite number?
False
Let k(c) = 8301*c + 2401. Is k(28) a prime number?
False
Let l = 37 + -32. Suppose -2*u + 3*u = b, -30 = -l*b - u. Suppose b*y + 4*f = 173, 3*f + 146 + 11 = 4*y. Is y a prime number?
True
Suppose -10*k + 16626019 = 9*k + 10*k. Is k a composite number?
True
Let a = 108 - 65. Suppose -49 = 4*n + a. Let z = 186 + n. Is z a prime number?
True
Suppose 3*h = 157 - 145, 147813 = d - h. Is d a prime number?
False
Suppose -4*m + 3*a + 9 = 0, -a - 7 = 27*m - 29*m. Suppose m*z = 38*z - 168544. Is z a prime number?
False
Let o = -152 + 279. Suppose o*s = 122*s + 5585. Is s a composite number?
False
Suppose 13*m = 393 + 127. Let t be (-2)/10 - 83352/m. Is (6/(-24))/(1/t) prime?
True
Suppose -4*n - n + 7132945 = -6*p, -4*n - 4*p + 5706312 = 0. Is n a composite number?
False
Suppose -3*j - 10813 = 6647. Let n = -2033 - j. Is n prime?
False
Suppose -211*m + 107*m - 20965994 = -118*m. Is m prime?
True
Let d = 27219 + 58618. Is d a prime number?
True
Suppose 2*x = 3*y + 407456, 611205 = -180*x + 183*x - y. Is x a prime number?
False
Let i(m) = -7*m - 16. Let f be i(-3). Suppose 2*n = -r + 11547, f*r - 38824 = 5*n + 18866. Is r a prime number?
False
Suppose c - 8 - 3 = -5*w, 0 = 5*w + 3*c - 3. Suppose -2*v - 2*v - 3*g = -17546, v - 4379 = w*g. Is v a prime number?
False
Suppose -406*s + 34003049 - 6255322 = -3094875. Is s composite?
False
Let x(n) = -34*n - 314. Let f be x(-11). Is -9582*((-8)/6 - (-70)/f) composite?
False
Let i = -11 + 14. Let p be (-8 - 16) + i + -2 + 2. Let v(l) = 2*l**2 + 19*l - 40. Is v(p) a prime number?
True
Is (-72)/(-39) + -2 - (-1163962445)/2171 a composite number?
False
Suppose 0 = 5*x - 3*d - 1445734, 2814*x - 4*d - 867447 = 2811*x. Is x a prime number?
False
Let o(d) = 161*d**2 - 377*d - 159. Is o(-46) composite?
False
Let w(q) = -q - 11. Let j be w(-14). Let z = j + 14. Is (z + -19)*(-1 + (-687)/2) a prime number?
False
Suppose 6*r + 510 = 3*r. Let y = 639 - r. Is y a composite number?
False
Suppose -10767983 = -253*p + 163811378. Is p composite?
False
Let j be (-2078736)/(-27) + 36/(-162). Suppose 22*o - 337712 = -j. Is o a composite number?
True
Let i(b) = 8601*b + 517. Let n(z) = 100*z + 6. Let c(p) = -6*i(p) + 517*n(p). Let f(o) = -o**3 - 7*o**2 - o - 6. Let y be f(-7). Is c(y) composite?
True
Suppose 3*p + 990 = -4*z, 0*z - 3*z - 5*p = 748. Let t = -105 - z. Is t a composite number?
True
Let l(a) = -2*a**3 - 45*a**2 - 15*a - 407. Is l(-50) composite?
True
Let n(l) 